 is -2512 (base 7) in base 2?
-1110101100
Convert -28c (base 16) to base 11.
-543
What is -3433 (base 5) in base 12?
-351
Convert 111310 (base 4) to base 6.
10244
Convert 7337 (base 13) to base 6.
201432
22222 (base 3) to base 7
464
What is 71fd (base 16) in base 9?
44023
-10110101111011 (base 2) to base 3
-120222020
Convert -912 (base 10) to base 12.
-640
10200212 (base 3) to base 13
12c5
What is -4b71 (base 15) in base 16?
-3ed1
884 (base 15) to base 13
b50
Convert -203300 (base 4) to base 11.
-17a0
1265 (base 15) to base 5
111140
21221203 (base 4) to base 13
14cb3
Convert 2014 (base 11) to base 10.
2677
Convert 634 (base 12) to base 7.
2431
What is 1ed3 (base 15) in base 5?
203343
Convert 121021 (base 3) to base 16.
1b7
What is -2230110 (base 4) in base 16?
-2b14
Convert -4265 (base 8) to base 15.
-9d9
180 (base 12) to base 6
1040
What is 10100010001110 (base 2) in base 7?
42161
-42aa9 (base 11) to base 9
-104725
-266406 (base 7) to base 14
-14476
What is 454 (base 8) in base 10?
300
What is -345 (base 7) in base 10?
-180
What is -40412 (base 5) in base 15?
-b8c
2760 (base 8) to base 16
5f0
61b7 (base 16) to base 11
17881
What is 3142 (base 5) in base 13?
266
-255522 (base 7) to base 12
-23663
Convert 4002 (base 5) to base 3.
200121
-2190 (base 11) to base 13
-1409
-40443 (base 5) to base 9
-3534
Convert 1157 (base 8) to base 2.
1001101111
Convert 1521 (base 7) to base 9.
740
Convert 110122122 (base 3) to base 5.
243344
Convert -2112222 (base 3) to base 4.
-131012
11100101111 (base 2) to base 14
955
What is 1321 (base 7) in base 11?
41a
What is -20230 (base 7) in base 6?
-34441
What is 28 (base 15) in base 6?
102
Convert -20111101 (base 3) to base 8.
-11177
What is -12076 (base 9) in base 6?
-101240
What is 10150 (base 7) in base 10?
2485
Convert -33591 (base 10) to base 5.
-2033331
What is -384 (base 9) in base 3?
-102211
What is 221011 (base 3) in base 7?
1660
Convert -8002 (base 14) to base 2.
-101010111000010
114131 (base 5) to base 16
10c3
What is -31562 (base 7) in base 9?
-11665
15c1 (base 14) to base 5
111033
Convert -1100011101 (base 2) to base 15.
-382
What is -153a (base 11) in base 5?
-30404
304 (base 10) to base 15
154
Convert -1100111011110 (base 2) to base 8.
-14736
What is 2310311 (base 4) in base 14?
4309
Convert -c008 (base 13) to base 9.
-40152
Convert -44448 (base 10) to base 7.
-243405
141 (base 15) to base 9
347
What is 1131002 (base 5) in base 8?
50420
Convert -2712 (base 11) to base 4.
-313002
-10200112 (base 4) to base 7
-104542
Convert 111011101110100 (base 2) to base 4.
13131310
326 (base 7) to base 12
11b
What is -876 (base 12) in base 5?
-14432
What is -660 (base 8) in base 4?
-12300
-123 (base 14) to base 11
-197
Convert -10100111110 (base 2) to base 9.
-1751
What is 86b9 (base 12) in base 6?
152353
Convert -b18 (base 14) to base 2.
-100010000010
What is -1064 (base 7) in base 3?
-112102
What is -349 (base 16) in base 5?
-11331
-41a (base 15) to base 3
-1021021
Convert 1c9 (base 14) to base 5.
2443
What is -7618 (base 10) in base 9?
-11404
Convert 1131211 (base 4) to base 15.
1b94
What is -463 (base 8) in base 4?
-10303
Convert -14a0 (base 13) to base 16.
-bbb
Convert -956 (base 14) to base 12.
-1094
132123 (base 4) to base 2
11110011011
Convert -121b (base 13) to base 9.
-3453
What is 43442 (base 8) in base 11?
12755
-1998 (base 15) to base 8
-12647
What is -1cd (base 14) in base 8?
-571
Convert -42121 (base 5) to base 10.
-2786
Convert b58 (base 16) to base 3.
10222120
What is 57 (base 11) in base 13?
4a
1135 (base 6) to base 16
113
Convert -113331 (base 5) to base 15.
-13b1
Convert -1021024 (base 5) to base 8.
-41166
-32b (base 13) to base 14
-2ac
What is -1602 (base 10) in base 16?
-642
30 (base 8) to base 12
20
Convert -426 (base 15) to base 2.
-1110101000
Convert 81762 (base 9) to base 11.
374a6
Convert -1025412 (base 6) to base 15.
-ee55
What is 3114 (base 10) in base 8?
6052
Convert -5a44 (base 13) to base 11.
-9624
-2007 (base 9) to base 5
-21330
Convert -743 (base 10) to base 15.
-348
What is 78 (base 14) in base 3?
10221
108843 (base 9) to base 12
31b40
Convert 53d3 (base 14) to base 13.
679b
-1e4 (base 16) to base 2
-111100100
What is 55d (base 15) in base 4?
102331
Convert -1069 (base 11) to base 8.
-2576
-1390 (base 13) to base 12
-1771
702 (base 14) to base 4
111132
Convert 1002012220 (base 3) to base 14.
7a96
10100101010 (base 2) to base 14
6a6
a1b2 (base 12) to base 11
12212
What is 464 (base 12) in base 16?
28c
-16a (base 13) to base 5
-2012
Convert 3021010 (base 4) to base 13.
5b1b
Convert 230404 (base 5) to base 13.
3990
Convert -7124 (base 8) to base 3.
-12000212
-55707 (base 9) to base 14
-d6c8
11459 (base 13) to base 14
b6a8
Convert -2042 (base 5) to base 6.
-1132
Convert 3bad (base 14) to base 3.
112110102
What is 188 (base 14) in base 12?
224
Convert -292 (base 15) to base 5.
-4322
What is 1101133 (base 4) in base 14?
1c87
What is -240440 (base 5) in base 15?
-2965
Convert 4426 (base 9) to base 10.
3264
18151 (base 14) to base 9
102152
5454 (base 8) to base 14
1084
What is 11132 (base 5) in base 6?
3400
What is -722 (base 11) in base 15?
-3d1
Convert -123 (base 8) to base 12.
-6b
What is 2ac5 (base 13) in base 2?
1100001100101
What is -15 (base 12) in base 15?
-12
-42c (base 14) to base 7
-2255
What is -391 (base 11) in base 16?
-1cf
-101011001110010 (base 2) to base 9
-33318
What is 1325 (base 9) in base 3?
1100212
2259 (base 10) to base 13
104a
What is -1122010020 (base 3) in base 13?
-11841
Convert 582 (base 14) to base 13.
662
Convert 1457 (base 15) to base 4.
1010011
Convert 13922 (base 12) to base 5.
1332432
Convert -1110222 (base 3) to base 7.
-3101
Convert 3719 (base 16) to base 9.
21312
-192 (base 10) to base 2
-11000000
Convert 210100 (base 3) to base 15.
286
Convert -1111112 (base 3) to base 7.
-3122
What is 14087 (base 9) in base 3?
111002221
-523 (base 10) to base 12
-377
-248 (base 10) to base 14
-13a
4037 (base 8) to base 7
6030
What is 46a (base 12) in base 15?
2dd
1110101110001 (base 2) to base 3
101100011
13002 (base 4) to base 10
450
What is -22012 (base 3) in base 15?
-eb
722 (base 9) to base 13
362
Convert -140361 (base 7) to base 11.
-18a93
3085 (base 13) to base 11
5041
-142 (base 12) to base 9
-235
-10852 (base 9) to base 4
-1301120
What is 234334 (base 5) in base 11?
6607
-291 (base 12) to base 3
-112201
250 (base 14) to base 4
13032
1922 (base 15) to base 5
133212
Convert 101332 (base 5) to base 13.
16a1
2222 (base 3) to base 12
68
988 (base 12) to base 10
1400
4c9 (base 13) to base 8
1511
606d (base 14) to base 13
76cc
1cb13 (base 13) to base 8
156740
Convert -102220211 (base 3) to base 12.
-5041
Convert 2909 (base 10) to base 9.
3882
Convert 144343 (base 5) to base 4.
1201033
-133 (base 6) to base 16
-39
Convert -1101100011011100 (base 2) to base 16.
-d8dc
-627 (base 9) to base 12
-367
What is 1100110100010 (base 2) in base 8?
14642
What is -1113323 (base 4) in base 6?
-42015
Convert -10134 (base 7) to base 5.
-34400
Convert -503 (base 12) to base 9.
-883
b304 (base 15) to base 5
2202204
-d61 (base 14) to base 3
-10121112
777 (base 14) to base 10
1477
What is 14114 (base 5) in base 13?
6b2
What is 710 (base 8) in base 9?
556
Convert 50545 (base 9) to base 4.
20013203
Convert -9262 (base 10) to base 8.
-22056
-54 (base 7) to base 3
-1110
Convert -59 (base 12) to base 14.
-4d
-532 (base 13) to base 6
-4034
Convert 50 (base 6) to base 2.
11110
What is -57844 (base 9) in base 16?
-96c4
Convert -1110101 (base 3) to base 12.
-747
Convert -d6 (base 16) to base 8.
-326
What is -1001200 (base 3) in base 12?
-546
2601 (base 8) to base 7
4052
What is -2548 (base 10) in base 2?
-100111110100
What is -1236 (base 10) in base 11?
-a24
Convert -6146 (base 9) to base 8.
-10621
-3486 (base 11) to base 5
-121241
Convert -13131 (base 4) to base 10.
-477
769 (base 11) to base 5
12142
What is -374 (base 13) in base 3?
-211022
Convert -112162 (base 8) to base 7.
-215536
Convert -994 (base 11) to base 12.
-834
What is 3033202 (base 4) in base 16?
33e2
1003 (base 13) to base 16
898
12267 (base 10) to base 15
397c
What is -100000110100 (base 2) in base 5?
-31400
2051 (base 10) to base 4
200003
What is -111110001100001 (base 2) in base 11?
-21a17
What is 1010000010001 (base 2) in 